19, 2203
What are the prime factors of 1555?
5, 311
List the prime factors of 3752.
2, 7, 67
List the prime factors of 1446.
2, 3, 241
What are the prime factors of 30287?
31, 977
List the prime factors of 4794.
2, 3, 17, 47
What are the prime factors of 67173?
3, 22391
What are the prime factors of 104883?
3, 34961
What are the prime factors of 172148?
2, 43037
List the prime factors of 128808.
2, 3, 1789
List the prime factors of 25539.
3, 8513
What are the prime factors of 194?
2, 97
What are the prime factors of 1208?
2, 151
List the prime factors of 1820.
2, 5, 7, 13
List the prime factors of 26079.
3, 8693
List the prime factors of 85787.
13, 6599
What are the prime factors of 2038?
2, 1019
What are the prime factors of 430?
2, 5, 43
List the prime factors of 759.
3, 11, 23
List the prime factors of 268.
2, 67
List the prime factors of 27630.
2, 3, 5, 307
List the prime factors of 5878.
2, 2939
What are the prime factors of 70989?
3, 23663
List the prime factors of 113492.
2, 17, 1669
List the prime factors of 49844.
2, 17, 733
What are the prime factors of 2002?
2, 7, 11, 13
What are the prime factors of 18666?
2, 3, 17, 61
List the prime factors of 9764.
2, 2441
What are the prime factors of 1249?
1249
What are the prime factors of 120833?
120833
What are the prime factors of 7368?
2, 3, 307
What are the prime factors of 11843?
13, 911
List the prime factors of 37851.
3, 11, 31, 37
List the prime factors of 13661.
19, 719
What are the prime factors of 35923?
35923
List the prime factors of 32461.
11, 13, 227
What are the prime factors of 1805?
5, 19
What are the prime factors of 685?
5, 137
What are the prime factors of 1570?
2, 5, 157
List the prime factors of 31173.
3, 10391
What are the prime factors of 106520?
2, 5, 2663
What are the prime factors of 7073?
11, 643
What are the prime factors of 50045?
5, 10009
List the prime factors of 1191.
3, 397
List the prime factors of 33535.
5, 19, 353
List the prime factors of 685.
5, 137
What are the prime factors of 3789?
3, 421
What are the prime factors of 13042?
2, 6521
What are the prime factors of 8801?
13, 677
List the prime factors of 943.
23, 41
List the prime factors of 775.
5, 31
List the prime factors of 7469.
7, 11, 97
What are the prime factors of 28711?
28711
What are the prime factors of 3133?
13, 241
List the prime factors of 188.
2, 47
What are the prime factors of 715?
5, 11, 13
List the prime factors of 8443.
8443
List the prime factors of 41718.
2, 3, 17, 409
List the prime factors of 125472.
2, 3, 1307
What are the prime factors of 2396?
2, 599
What are the prime factors of 47198?
2, 23599
What are the prime factors of 2075?
5, 83
List the prime factors of 11702.
2, 5851
What are the prime factors of 5375?
5, 43
What are the prime factors of 29573?
29573
List the prime factors of 11617.
11617
List the prime factors of 541.
541
List the prime factors of 48923.
7, 29, 241
What are the prime factors of 1704?
2, 3, 71
What are the prime factors of 2851?
2851
List the prime factors of 90633.
3, 30211
List the prime factors of 152300.
2, 5, 1523
List the prime factors of 13577.
13577
What are the prime factors of 8355?
3, 5, 557
What are the prime factors of 13219?
13219
List the prime factors of 7550.
2, 5, 151
What are the prime factors of 65465?
5, 13093
List the prime factors of 1645.
5, 7, 47
What are the prime factors of 14?
2, 7
List the prime factors of 59164.
2, 7, 2113
List the prime factors of 76504.
2, 73, 131
What are the prime factors of 1121?
19, 59
List the prime factors of 12549.
3, 47, 89
List the prime factors of 3056.
2, 191
List the prime factors of 99717.
3, 43, 773
What are the prime factors of 21628?
2, 5407
List the prime factors of 3362.
2, 41
What are the prime factors of 4560?
2, 3, 5, 19
List the prime factors of 1715.
5, 7
What are the prime factors of 1974?
2, 3, 7, 47
What are the prime factors of 2963?
2963
List the prime factors of 16390.
2, 5, 11, 149
What are the prime factors of 55348?
2, 101, 137
What are the prime factors of 1577?
19, 83
What are the prime factors of 3118?
2, 1559
What are the prime factors of 9908?
2, 2477
What are the prime factors of 58856?
2, 7, 1051
List the prime factors of 602.
2, 7, 43
List the prime factors of 15694.
2, 7, 19, 59
What are the prime factors of 2181?
3, 727
What are the prime factors of 22708?
2, 7, 811
List the prime factors of 64887.
3, 43, 503
List the prime factors of 11908.
2, 13, 229
What are the prime factors of 41758?
2, 20879
What are the prime factors of 59813?
13, 43, 107
List the prime factors of 769.
769
List the prime factors of 30430.
2, 5, 17, 179
What are the prime factors of 5804?
2, 1451
What are the prime factors of 34?
2, 17
What are the prime factors of 12137?
53, 229
What are the prime factors of 27477?
3, 43, 71
What are the prime factors of 3165?
3, 5, 211
List the prime factors of 105304.
2, 13163
What are the prime factors of 33138?
2, 3, 7, 263
List the prime factors of 47563.
47563
List the prime factors of 49603.
49603
List the prime factors of 7684.
2, 17, 113
What are the prime factors of 185?
5, 37
List the prime factors of 2447.
2447
List the prime factors of 25838.
2, 12919
What are the prime factors of 2455?
5, 491
What are the prime factors of 1611?
3, 179
What are the prime factors of 1241?
17, 73
List the prime factors of 439.
439
List the prime factors of 754.
2, 13, 29
List the prime factors of 56491.
17, 3323
What are the prime factors of 3996?
2, 3, 37
What are the prime factors of 3470?
2, 5, 347
List the prime factors of 6795.
3, 5, 151
List the prime factors of 5454.
2, 3, 101
List the prime factors of 133.
7, 19
List the prime factors of 3835.
5, 13, 59
List the prime factors of 963.
3, 107
What are the prime factors of 162418?
2, 17, 281
What are the prime factors of 789?
3, 263
What are the prime factors of 106724?
2, 26681
List the prime factors of 20786.
2, 19, 547
List the prime factors of 18563.
19, 977
What are the prime factors of 7949?
7949
What are the prime factors of 50600?
2, 5, 11, 23
What are the prime factors of 2130?
2, 3, 5, 71
What are the prime factors of 129160?
2, 5, 3229
List the prime factors of 82280.
2, 5, 11, 17
List the prime factors of 28020.
2, 3, 5, 467
List the prime factors of 46438.
2, 7, 31, 107
List the prime factors of 37998.
2, 3, 2111
List the prime factors of 2140.
2, 5, 107
What are the prime factors of 21563?
21563
What are the prime factors of 3836?
2, 7, 137
What are the prime factors of 49492?
2, 12373
What are the prime factors of 7948?
2, 1987
List the prime factors of 510.
2, 3, 5, 17
List the prime factors of 29736.
2, 3, 7, 59
What are the prime factors of 31319?
31319
What are the prime factors of 17481?
3, 5827
What are the prime factors of 2274?
2, 3, 379
List the prime factors of 8351.
7, 1193
What are the prime factors of 3448?
2, 431
What are the prime factors of 46667?
23, 2029
What are the prime factors of 16259?
71, 229
List the prime factors of 225.
3, 5
List the prime factors of 948.
2, 3, 79
List the prime factors of 828.
2, 3, 23
List the prime factors of 2966.
2, 1483
What are the prime factors of 1401?
3, 467
What are the prime factors of 16926?
2, 3, 7, 13, 31
What are the prime factors of 3075?
3, 5, 41
List the prime factors of 23243.
11, 2113
What are the prime factors of 97634?
2, 48817
What are the prime factors of 46355?
5, 73, 127
What are the prime factors of 134595?
3, 5, 997
What are the prime factors of 51038?
2, 13, 151
List the prime factors of 569.
569
List the prime factors of 8788.
2, 13
List the prime factors of 13351.
13, 79
What are the prime factors of 239?
239
What are the prime factors of 608?
2, 19
List the prime factors of 146966.
2, 73483
What are the prime factors of 372?
2, 3, 31
List the prime factors of 1340.
2, 5, 67
List the prime factors of 2062.
2, 1031
What are the prime factors of 63597?
3, 17, 29, 43
What are the prime factors of 1225?
5, 7
List the prime factors of 637.
7, 13
List the prime factors of 1956.
2, 3, 163
List the prime factors of 1860.
2, 3, 5, 31
What are the prime factors of 77652?
2, 3, 719
List the prime factors of 6235.
5, 29, 43
List the prime factors of 7661.
47, 163
What are the prime factors of 15838?
2, 7919
What are the p